se 3*a + 30 = 5*d, -4*d + 2*d + a = -11. Suppose -2*c + 30 = d*c. What is the greatest common divisor of c and 3?
3
Suppose -6*g = g. Let f be 2 - -166 - (g + -3). What is the greatest common divisor of 19 and f?
19
Suppose 16*l + 22 = 38*l. Calculate the greatest common divisor of 32 and l.
1
Let o be ((-24628)/(-655))/((-4)/(-10)). What is the greatest common factor of 799 and o?
47
Let d(t) = -1144*t**3 + 6*t**2 + 5*t - 1. Let r be d(-1). What is the highest common divisor of 264 and r?
88
Let t be 3 + (12/(-20))/((-10)/150). Let y be (16/(-10) - -2)*-5. Let v be y + 8*3 + 2. Calculate the greatest common divisor of v and t.
12
Let w = -2 - -11. Let p be (-9)/(-3)*(-24)/w. Let o = 96 + p. What is the greatest common divisor of o and 8?
8
Let b(x) = -14*x + 4. Let p = -38 + 36. Let r be b(p). Calculate the greatest common factor of r and 8.
8
Let u(g) = g**3 + 11*g**2 + 18*g - 3. Let t = 13 + -21. Let p be u(t). Calculate the highest common divisor of p and 5.
5
Let c = 8 + -6. Let a be 5/(15/(-198)) - c. Let g = -36 - a. Calculate the highest common divisor of 8 and g.
8
Let p = -217 + 392. Let s(a) = -a + 2. Let t be s(-3). Suppose -p = -t*x - 0*x. What is the highest common factor of 5 and x?
5
Suppose 7*w + 266 = 26*w. What is the highest common factor of 322 and w?
14
Suppose -31*d = -39*d + 480. Let y = d - 45. Calculate the highest common divisor of y and 75.
15
Suppose 285 - 1257 = -4*g. Calculate the greatest common factor of g and 27.
27
Let x = -15 + 12. Let w(c) = 8 - 6 - 24*c - 4. Let s be w(x). What is the highest common factor of 10 and s?
10
Let m(h) = -h**3 - 37*h**2 - 132*h + 27. Let i be m(-33). What is the highest common factor of i and 216?
27
Suppose 6 = 2*c + 2. Let s = c + 28. Calculate the highest common divisor of 75 and s.
15
Let u(a) = a**2 - 10*a + 14. Let v be u(10). Suppose 7*w + v = 9*w. Calculate the greatest common factor of w and 49.
7
Let m be 208/24*9/2. Let j = -15 + m. Calculate the highest common divisor of j and 60.
12
Let s be ((-6)/(-3) - -1) + 0. Let l = 16 - s. Let i = 31 - -21. What is the highest common divisor of i and l?
13
Let q(b) = b + 3. Let x be q(-6). Let n be x/9 + 129/9. Let i be (-219)/(-2) - ((-54)/117 + (-53)/26). What is the highest common divisor of n and i?
14
Suppose -q = 3*o - 2*q - 53, 0 = 3*q + 15. Let s(i) = i + 6. Let j be s(-7). Let a be 146 - (j/(-1) - -1). Calculate the highest common factor of a and o.
16
Let y = 25 + -7. Let q be (-812)/(-10) - (-1)/(-5). What is the highest common factor of y and q?
9
Let o(f) = f**2 - 11*f + 26. Let k be o(9). Calculate the greatest common factor of 3 and k.
1
Let q(l) be the second derivative of -l**5/20 - l**4/4 + l**3/2 + l**2 + 5*l. Let r = 10 + -14. Let g be q(r). What is the highest common divisor of g and 42?
6
Suppose -5*y - 4*v + 446 = -5*v, -5*y - 3*v = -462. What is the greatest common divisor of 210 and y?
30
Let s be 42/4*(-20)/(-3). Let h be 2 - (4 + 4) - -16. Calculate the highest common divisor of h and s.
10
Let k(h) = -55*h - 4254. Let f be k(-78). Suppose -3*i - i = -384. Calculate the greatest common factor of i and f.
12
Let p(o) = -o**3 - 41*o**2 + 45*o + 133. Let x be p(-42). Calculate the highest common factor of 189 and x.
7
Suppose x + x + 2*z = 130, 0 = 5*z + 25. Suppose x = -5*g + 12*g. What is the greatest common factor of 5 and g?
5
Let f be (2/5)/(8/80). Calculate the greatest common factor of 2 and f.
2
Suppose 0 = -c + 2 + 1, 4*c = 2*y + 4. Let r = 121 + -105. Suppose -64*j + 60*j + r = 0. Calculate the highest common divisor of y and j.
4
Suppose 0 = -0*m - m - 5*z - 2, 3*m - 28 = 2*z. Let n = 631 + -447. What is the highest common divisor of n and m?
8
Let i be ((-88)/(-8))/(2/2). What is the greatest common factor of 77 and i?
11
Let o(h) = 7*h + 439. Let a be o(11). What is the highest common divisor of a and 645?
129
Suppose -22 = -2*b - 0. Let s = -248 + 259. Calculate the highest common factor of s and b.
11
Suppose 10*z = 6*z + 184. Let n = 5 + 64. What is the highest common factor of n and z?
23
Let i = 1259 - 1227. What is the highest common factor of 512 and i?
32
Let m(q) = -q**3 - q**2 + 2*q - 8. Let k be m(3). Let d be (4 - (-3 + 4))*k/(-3). What is the greatest common divisor of d and 57?
19
Let j(r) = r**2 - 64*r + 136. Let v be j(65). Calculate the greatest common divisor of 737 and v.
67
Let n = -74 + -73. Let g = 155 + n. Calculate the greatest common factor of 40 and g.
8
Let f(i) be the first derivative of i**3/3 - i**2/2 - 30*i - 5. Let g be f(0). Let c be ((-504)/g)/(2/10). Calculate the highest common factor of 12 and c.
12
Let a(i) = 6*i**2 + 3*i + 7. Let k be a(-3). Let s = -17 + k. What is the greatest common factor of 35 and s?
35
Suppose -21*s + 551 = -289. What is the greatest common divisor of s and 470?
10
Let t = 17 + -1. Suppose -42 = -0*g - 3*g. Let r = t - g. What is the greatest common factor of 5 and r?
1
Suppose 10*h = 57 + 213. Let f be 3*27*16/6. Calculate the greatest common divisor of h and f.
27
Suppose 0 = 4*k + 8, -4*k = -3*a - k + 225. Suppose -7*b + a = -53. Calculate the highest common divisor of 12 and b.
6
Suppose 3*x = -2*f + 555, -3*f + 830 = 236*x - 231*x. Calculate the greatest common factor of 30 and f.
15
Suppose 4*b - 3185 = 695. What is the greatest common factor of 10 and b?
10
Let x = 881 - 753. Calculate the greatest common factor of x and 192.
64
Suppose 2*g = 3*g - 2. Suppose -a = -4*l - 49, g*a - 41 - 18 = 5*l. Let m = l + 21. What is the highest common divisor of m and 12?
4
Let s be (-3)/2*52/(-3). Let u = -12 + s. Let p(i) = i**2 + 36*i + 19. Let g be p(-37). What is the greatest common factor of u and g?
14
Let l = -64 - -95. Let c be (-65)/15*93*2/(-13). Calculate the highest common factor of c and l.
31
Let u = 1265 - 1184. What is the greatest common divisor of u and 3?
3
Let f be (-149)/(-7) - 84/294. What is the greatest common factor of f and 14?
7
Suppose 5*r + 2*a + a = 103, 5*a = -5*r + 95. Let h = 195 - 126. Calculate the greatest common factor of r and h.
23
Let j = 718 - 355. What is the greatest common factor of j and 33?
33
Let y be -1 + 4 + -3*4. Let s = y + 18. What is the greatest common divisor of 63 and s?
9
Let j(n) = -24*n + 84. Let i be j(0). Calculate the greatest common divisor of 966 and i.
42
Suppose 0*c = -5*c - 1325. Let s = -414 - c. Let p = s - -317. What is the greatest common factor of p and 21?
21
Let p(j) = j**3 - j**2 - 2*j + 1. Let h be p(4). Suppose h = r - 25. What is the greatest common divisor of 6 and r?
6
Suppose 0*a - 2*a = -4. Suppose -96 = -2*u - a*u. Calculate the highest common divisor of 24 and u.
24
Let u = 56 + 0. Let o be (-12)/9*57/2. Let s = -31 - o. What is the highest common factor of u and s?
7
Let w be 192 + ((-22)/14 - 42/98). Calculate the greatest common divisor of w and 50.
10
Let g(p) = 10*p**2 - 96*p - 1. Let l be g(19). What is the greatest common factor of 105 and l?
105
Let v = 96 - 103. Let a = 9 - v. Calculate the greatest common divisor of 40 and a.
8
Suppose -21 = 27*f - 26*f. Let l(v) = -v**2 - 29*v - 28. Let q be l(f). Calculate the highest common factor of 20 and q.
20
Let w = 120 + -70. Calculate the greatest common factor of w and 350.
50
Suppose 10*l - 13*l + 12 = 0. Suppose 36 = 10*h - l*h. Suppose -h*v - 4 = -7*v. Calculate the highest common factor of v and 1.
1
Let o be ((-11)/22)/((-2)/624). Let u = o - 108. Calculate the greatest common factor of u and 16.
16
Let u(f) = 47*f - 45. Let q be u(19). Calculate the greatest common factor of q and 53.
53
Let q be 7 + ((-1)/(-1) - (-6)/(-3)). Let h be (64/(-6))/(10/(-45)). What is the highest common factor of q and h?
6
Let m = 114 + -48. Let f = m - 58. What is the greatest common divisor of 56 and f?
8
Suppose 0 = 4*o - 5*o + 24. Let m be (-4)/(32/(-568)) + 2/2. Calculate the highest common factor of o and m.
24
Let s be 1 + 0 + 55*1. Let x(d) = -2*d**2 + 13*d + 24. Let j be x(8). Suppose 48*o - 49*o + 7 = j. What is the highest common factor of s and o?
7
Suppose 4*o + 4*k = 120, 5*k - 124 = -3*o - o. What is the greatest common factor of o and 234?
26
Let f(l) = 2*l**3 - 68*l**2 - 72*l + 103. Let n be f(35). Let p(o) = -10*o + 2. Let v be p(-2). Calculate the greatest common factor of v and n.
11
Let 